0202120 + -12100?
-100221220
In base 13, what is 3 - 6c534?
-6c531
In base 14, what is -3 - 1d37?
-1d3a
In base 15, what is -1c - -1bbe?
1ba2
In base 16, what is 1 - -f8e25?
f8e26
In base 3, what is 2 + 122201121?
122201200
In base 9, what is -2262 - 587?
-2860
In base 4, what is -11 - 111201030?
-111201101
In base 15, what is -408 - ae1?
-ee9
In base 9, what is -152 - -545?
383
In base 3, what is 1211122 + -1002?
1210120
In base 9, what is -124 + -2351?
-2475
In base 2, what is 1000000000 - -1000101111?
10000101111
In base 8, what is 7731 - 167?
7542
In base 7, what is -22165 - 5?
-22203
In base 13, what is -3 + 8351?
834b
In base 16, what is -c - 2c66?
-2c72
In base 5, what is -1 - -24231303?
24231302
In base 9, what is 4 - 2842?
-2837
In base 4, what is 123123 + 123?
123312
In base 11, what is 25a7 - -28?
2624
In base 12, what is 1bb + 85?
284
In base 4, what is 13 + 1301003?
1301022
In base 3, what is -1 + 2120211?
2120210
In base 14, what is -2dd + -17?
-316
In base 14, what is 40 - d2?
-92
In base 12, what is -119 + 3aa9?
3990
In base 3, what is -22 - 2012210220?
-2012211012
In base 8, what is 2 + -300?
-276
In base 4, what is 231 + 122123122?
122130013
In base 3, what is -21201121 + -10112?
-21212010
In base 3, what is 1 + 100201002221?
100201002222
In base 8, what is -350444 - -10?
-350434
In base 10, what is 1 + -25760?
-25759
In base 3, what is -100112201022 - 11?
-100112201110
In base 3, what is -202121200 - -12?
-202121111
In base 3, what is 12 - 21111122?
-21111110
In base 8, what is 27 - -12135?
12164
In base 16, what is 39f7b + -5?
39f76
In base 11, what is 6 + 20?
26
In base 10, what is 790440 + 1?
790441
In base 6, what is -4 - 13340?
-13344
In base 9, what is -4 - 421710?
-421714
In base 13, what is -2a - -a9?
7c
In base 16, what is 3 - -8179?
817c
In base 4, what is 31321 + -30221?
1100
In base 12, what is -7101 + -15?
-7116
In base 3, what is 10111002 - 20?
10110212
In base 14, what is -17 - 300?
-317
In base 6, what is -10 - 521021?
-521031
In base 5, what is -102032422 + 10?
-102032412
In base 11, what is 3271 - 205?
3067
In base 3, what is -1102 - 202201?
-211010
In base 7, what is -2 + 1536043?
1536041
In base 2, what is 1001001010 - -1011010000?
10100011010
In base 8, what is 1032 + -26223?
-25171
In base 6, what is 4115152 - 3?
4115145
In base 6, what is -10342 - -201?
-10141
In base 3, what is -1121 - -101011010?
101002112
In base 11, what is 298790 - -7?
298797
In base 14, what is 3 - 169810?
-16980b
In base 13, what is 1 - -15a49?
15a4a
In base 11, what is 4 + -1988?
-1984
In base 8, what is -3216300 + -4?
-3216304
In base 4, what is 0 - 2210221000?
-2210221000
In base 2, what is -1100101011 - -1110000?
-1010111011
In base 2, what is 11011100010011000011 + -11?
11011100010011000000
In base 8, what is -105575 + -5?
-105602
In base 5, what is 10 + -1434234?
-1434224
In base 13, what is -11 - -11170?
1115c
In base 15, what is 1328 + -9?
131e
In base 8, what is -12045 - -23?
-12022
In base 10, what is 3 - 161867?
-161864
In base 4, what is 233130 - -2300?
302030
In base 2, what is -100100 + -1100010011000?
-1100010111100
In base 13, what is 3 + 73669?
7366c
In base 14, what is -1 - 6cb77?
-6cb78
In base 16, what is 3c91 - -b?
3c9c
In base 7, what is -5 + -100351?
-100356
In base 6, what is -3031 - 424?
-3455
In base 13, what is -5 + -1986bb?
-1986c3
In base 6, what is 1443 + -115?
1324
In base 9, what is -20 - 62523?
-62543
In base 12, what is -1485 - -218?
-1269
In base 6, what is -311 + 400312?
400001
In base 6, what is 213233 - 25?
213204
In base 5, what is 20234 - 41?
20143
In base 2, what is 11 - -110100100010011001?
110100100010011100
In base 9, what is 4 - -3747?
3752
In base 12, what is -31960 + 26?
-31936
In base 11, what is 1234a0 - -1?
1234a1
In base 11, what is 69 + 505?
573
In base 12, what is 4 - 2730?
-2728
In base 2, what is -110101001010 - 100?
-110101001110
In base 12, what is -1 + 8732?
8731
In base 12, what is 1 - -41586?
41587
In base 4, what is 23211 + -322203?
-232332
In base 10, what is 8 - 71?
-63
In base 9, what is -11 - 703?
-714
In base 6, what is 11210 - 24?
11142
In base 2, what is -10 - -100101100010001?
100101100001111
In base 16, what is -3 - 3096?
-3099
In base 13, what is -16552b4 + 1?
-16552b3
In base 7, what is 1 - -1025435?
1025436
In base 3, what is 1101001 - 11102?
1012122
In base 12, what is -5 + -159157?
-159160
In base 2, what is -11101111011 + -100010?
-11110011101
In base 3, what is 1 - 20221100?
-20221022
In base 9, what is -12 + 2574?
2562
In base 6, what is 454335 + 230?
455005
In base 6, what is -2533 - -14?
-2515
In base 7, what is 335 + -25?
310
In base 8, what is 5505 - -3?
5510
In base 5, what is 3034112 - -10?
3034122
In base 12, what is -14 - -21610?
215b8
In base 4, what is -223111 + -1111?
-230222
In base 15, what is 6 + -263?
-25c
In base 15, what is 75 + -c30?
-baa
In base 6, what is 113 + -5025?
-4512
In base 10, what is 289694 + 4?
289698
In base 11, what is -4136 + -383?
-4509
In base 4, what is 120110 + 11201?
131311
In base 3, what is 1210201 + 1011212?
2222120
In base 16, what is -12 + -a919?
-a92b
In base 4, what is -133011111 + -1?
-133011112
In base 6, what is -2 + 2331051?
2331045
In base 14, what is -1ca + -222?
-40c
In base 8, what is 5170 - 2?
5166
In base 3, what is -10021201100 - 12?
-10021201112
In base 11, what is -1724a + -25?
-17274
In base 12, what is -7 - 45b3?
-45ba
In base 10, what is -10 - 28231?
-28241
In base 5, what is 220 + -1110?
-340
In base 11, what is -13 - -1057?
1044
In base 16, what is -137 - -13?
-124
In base 11, what is 3 + 4691?
4694
In base 2, what is -1000001010 - 11011100?
-1011100110
In base 16, what is 14 - 616?
-602
In base 7, what is 451 + -606?
-125
In base 11, what is -1 - a635?
-a636
In base 14, what is -5 + 172c3?
172bc
In base 5, what is 43311 - -40?
43401
In base 4, what is 12 - -1220013120?
1220013132
In base 7, what is -3361522 - 15?
-3361540
In base 7, what is -2135 - -20?
-2115
In base 11, what is 80 + -25540?
-25470
In base 9, what is 17183 + 0?
17183
In base 5, what is -1 - -43142103?
43142102
In base 7, what is -4 + 5536?
5532
In base 14, what is -c392 - 13?
-c3a5
In base 14, what is 9a145 - 2?
9a143
In base 15, what is -272 - -bb?
-1a6
In base 13, what is -7bb548 - 2?
-7bb54a
In base 15, what is -6 + 46d1?
46ca
In base 14, what is 175 + 2a9?
440
In base 6, what is 100430 - 3?
100423
In base 7, what is -120635 - 22?
-120660
In base 13, what is -1 + -2769a6?
-2769a7
In base 4, what is -13022323 + 0?
-13022323
In base 5, what is -13412 + 22024?
3112
In base 16, what is -7 - 2064?
-206b
In base 7, what is 530225 + -1?
530224
In base 14, what is 7 + d4c?
d55
In base 11, what is -16a92 + 32?
-16a60
In base 15, what is -33 + -20?
-53
In base 16, what is -d - -a211?
a204
In base 9, what is -4 + 2175?
2171
In base 8, what is -157160 + 3?
-157155
In base 4, what is 1011212 - 221?
1010331
In base 4, what is 1030020 + -103?
1023311
In base 10, what is -79118 - 3?
-79121
In base 6, what is -141 + -4414?
-4555
In base 13, what is -814 - 3?
-817
In base 7, what is -13245 - 143?
-13421
In base 13, what is 3 + -7b97?
-7b94
In base 13, what is 348 + -2214?
-1b99
In base 2, what is 100000 - 110000100011?
-110000000011
In base 2, what is -10101001000001 + -1110?
-10101001001111
In base 11, what is 3 - -11981?
11984
In base 13, what is 54a1a + -4?
54a16
In base 3, what is -1201120 + -102101?
-2010221
In base 2, what is 110101101011010 + -1?
110101101011001
In base 3, what is 12001101202 + 100?
12001102002
In base 12, what is 11007 - 1?
11006
In base 10, what is -2074 + -110?
-2184
In base 5, what is 1314 + -2224?
-410
In base 6, what is -5 - -4550334?
4550325
In base 16, what is 10a60 + -f?
10a51
In base 14, what is 5 + 7ca1?
7ca6
In base 2, what is -1101110000010011101 + -1?
-1101110000010011110
In base 15, what is -291 - -14?
-27c
In base 7, what is -5 + -5214?
-5222
In base 7, what is 23 + 364?
420
In base 12, what is -18766 - 40?
-187a6
In base 12, what is -5 - 148b33?
-148b38
In base 15, what is -1be449 - 1?
-1be44a
In base 2, what is -101 - -10101001101011?
10101001100110
In base 8, what is -161 - 11372?
-11553
In base 3, what is 220011022121 - -120?
220011100011
In base 10, what is -115334 - 25?
-115359
In base 